False
Is 16048265 composite?
True
Is 3852229 composite?
True
Is 63905783 composite?
True
Is 48835289 a prime number?
False
Is 3901717 a prime number?
True
Is 517151 composite?
False
Is 673439537 a prime number?
False
Is 199207 prime?
True
Is 62224091 composite?
False
Is 309972457 prime?
True
Is 13642501 a composite number?
False
Is 88194481 composite?
True
Is 7787329 a composite number?
True
Is 209756171 composite?
False
Is 369539 prime?
True
Is 4519811 prime?
True
Is 5317517 a prime number?
True
Is 46207627 a prime number?
False
Is 13361857 a prime number?
False
Is 267061 prime?
False
Is 26644843 composite?
False
Is 216853829 prime?
False
Is 263254681 prime?
True
Is 152377 a composite number?
False
Is 65581669 a composite number?
False
Is 26657453 a composite number?
False
Is 138145319 a composite number?
True
Is 262553674 prime?
False
Is 8770511 a composite number?
True
Is 56819897 prime?
True
Is 41661293 prime?
True
Is 47507501 prime?
True
Is 48716503 a composite number?
True
Is 27199691 a prime number?
True
Is 12683303 prime?
False
Is 374054 a prime number?
False
Is 521515889 prime?
True
Is 13239389 a prime number?
True
Is 82245419 a prime number?
True
Is 41199605 a composite number?
True
Is 1856521 prime?
False
Is 31185247 prime?
False
Is 138148691 composite?
True
Is 10698319 a composite number?
False
Is 2208887 prime?
True
Is 4987999 composite?
False
Is 1762995113 a prime number?
False
Is 3299117 a composite number?
False
Is 1875023737 a prime number?
True
Is 28072621 composite?
False
Is 36305771 prime?
True
Is 571742 composite?
True
Is 56504047 prime?
True
Is 292634 a prime number?
False
Is 187929487 a composite number?
False
Is 4914841 a composite number?
False
Is 5560927 prime?
False
Is 10264427 a prime number?
False
Is 142201603 prime?
True
Is 143947 prime?
True
Is 23219123 composite?
True
Is 227136913 a composite number?
False
Is 119980291 a composite number?
True
Is 5678021 a composite number?
True
Is 40007 a composite number?
True
Is 11014859 a prime number?
True
Is 76192003 composite?
False
Is 5074865 prime?
False
Is 17487269 composite?
False
Is 5642543 a prime number?
False
Is 6007643 a composite number?
False
Is 26663561 prime?
True
Is 507036965 a composite number?
True
Is 4257789 composite?
True
Is 234754849 composite?
True
Is 6330551 prime?
True
Is 4937197 composite?
False
Is 6253297 a prime number?
False
Is 176117353 composite?
False
Is 36358181 a composite number?
False
Is 40320457 composite?
True
Is 1021901 prime?
False
Is 41238707 composite?
False
Is 1777927 a prime number?
True
Is 431555 composite?
True
Is 58804903 a prime number?
True
Is 59763107 prime?
True
Is 19771805 a prime number?
False
Is 14196991 composite?
True
Is 153753869 prime?
False
Is 62270053 a composite number?
True
Is 2100269 composite?
False
Is 9140321 prime?
True
Is 12856933 composite?
False
Is 21280657 composite?
True
Is 2490413 a composite number?
False
Is 11621587 a composite number?
False
Is 62130113 prime?
True
Is 18531673 a prime number?
True
Is 43572341 prime?
True
Is 8653591 a composite number?
False
Is 512537 a composite number?
False
Is 2650135 a prime number?
False
Is 19534687 a composite number?
True
Is 9465251 prime?
True
Is 75081313 composite?
False
Is 53232119 prime?
True
Is 3736697 prime?
False
Is 5739007 a composite number?
True
Is 107177587 a prime number?
False
Is 15453989 a composite number?
False
Is 6842497 a prime number?
True
Is 9248471 prime?
False
Is 18308491 a prime number?
True
Is 55721417 a composite number?
False
Is 4202851 a composite number?
False
Is 4442753 a composite number?
True
Is 9839099 a prime number?
True
Is 3452719 a composite number?
True
Is 441445 a prime number?
False
Is 66639899 composite?
True
Is 216446267 a prime number?
True
Is 992051 a composite number?
False
Is 52780267 a prime number?
False
Is 195701173 a composite number?
False
Is 53128129 prime?
False
Is 276622 a prime number?
False
Is 96474227 composite?
True
Is 40810573 a prime number?
True
Is 8114735 a composite number?
True
Is 20379841 a prime number?
True
Is 7973997 prime?
False
Is 35314541 prime?
True
Is 1047647 composite?
False
Is 11756011 a composite number?
False
Is 5821051 a composite number?
False
Is 5247929 a prime number?
False
Is 700849 a prime number?
True
Is 14151019 a prime number?
True
Is 79494979 a composite number?
True
Is 9237181 a composite number?
False
Is 12745357 composite?
True
Is 5902549 a prime number?
True
Is 41416723 composite?
False
Is 1111193 prime?
False
Is 27066841 a prime number?
False
Is 2318843 composite?
False
Is 395849 prime?
True
Is 223254671 composite?
False
Is 337859183 composite?
False
Is 6735749 a prime number?
True
Is 805879507 composite?
False
Is 878435 composite?
True
Is 9692561 a composite number?
True
Is 9454703 a composite number?
True
Is 5343103 a prime number?
True
Is 3012121 composite?
True
Is 17714617 composite?
True
Is 52709519 a composite number?
False
Is 218886541 prime?
True
Is 29588095 a prime number?
False
Is 8404067 prime?
False
Is 8515207 a prime number?
True
Is 163664783 prime?
False
Is 331945807 a composite number?
False
Is 350563931 a prime number?
True
Is 10309709 prime?
True
Is 530897 a prime number?
True
Is 1965257 prime?
False
Is 348269 composite?
False
Is 4282879 composite?
False
Is 2065837 prime?
False
Is 3202757 composite?
True
Is 10356377 composite?
False
Is 1540337 a prime number?
True
Is 319024221 composite?
True
Is 178653677 a prime number?
True
Is 43468669 a prime number?
True
Is 945947 composite?
True
Is 3231773 prime?
True
Is 287761 a prime number?
False
Is 5903785 composite?
True
Is 554961157 composite?
True
Is 384533 a composite number?
False
Is 7951091 composite?
True
Is 2049143 prime?
True
Is 23253211 a prime number?
True
Is 81676033 a prime number?
False
Is 9905813 composite?
False
Is 2684893 a composite number?
False
Is 1879721 a composite number?
True
Is 143848927 composite?
False
Is 849523 prime?
True
Is 15975437 composite?
False
Is 13690237 a composite number?
True
Is 819673477 composite?
True
Is 24557383 composite?
False
Is 22429573 prime?
False
Is 3935093 composite?
True
Is 2231351 a composite number?
False
Is 52020751 prime?
False
Is 16420073 composite?
False
Is 24005917 prime?
False
Is 309391 prime?
True
Is 3050867 composite?
False
Is 2003749 a prime number?
False
Is 387211 a composite number?
True
Is 349602187 prime?
False
Is 4529501 a prime number?
False
Is 5357221 a prime number?
False
Is 35222735 prime?
False
Is 49547861 prime?
False
Is 9980606 a composite number?
True
Is 473307049 composite?
False
Is 2344819 a prime number?
True
Is 22554281 prime?
True
Is 3229231 a composite number?
False
Is 11200991 a prime number?
True
Is 851419969 a composite number?
False
Is 314369999 prime?
True
Is 142046 a prime number?
False
Is 4849077 composite?
True
Is 27002003 prime?
False
Is 517019959 prime?
True
Is 156484813 a composite number?
True
Is 3422077 a composite number?
False
Is 4107223 a composite number?
True
Is 1647043 a composite number?
True
Is 23284799 a composite number?
False
Is 79294211 a prime number?
True
Is 10516249 a composite number?
False
Is 401498743 a prime number?
True
Is 66021113 prime?
True
Is 56821573 prime?
True
Is 161322895 a composite number?
True
Is 203189377 composite?
False
Is 26894059 prime?
False
Is 11480941 a prime number?
True
Is 21344423 a composite number?
True
Is 49408201 a composite number?
True
Is 905161 a composite number?
False
Is 59616919 a composite number?
False
Is 25468433 a prime number?
True
Is 144762193 prime?
False
Is 14164763 a prime number?
True
Is 6392357 a composite number?
True
Is 5725285 prime?
False
Is 424313 composite?
False
Is 1560371 prime?
True
Is 5310847 prime?
False
Is 645795991 a composite number?
False
Is 57509819 a prime number?
True
Is 3106853 prime?
False
Is 17092559 a composite number?
True
Is 782777 prime?
True
Is 1234703 a prime number?
True
Is 1686427 a composite number?
True
Is 226181589 prime?
False
Is 5377513 prime?
False
Is 229978757 a prime number?
True
Is 70360789 composite?
True
Is 4495453 a prime number?
True
Is 740759 a prime number?
False
Is 30679409 a composite number?
False
Is 93045319 a prime number?
True
Is 57672283 a composite number?
False
Is 201679 a prime number?
False
Is 12726